890 and 760?
190
What is the greatest common divisor of 16 and 20?
4
What is the highest common divisor of 7659 and 69?
69
What is the greatest common factor of 1542 and 66?
6
Calculate the highest common factor of 5 and 6155.
5
Calculate the greatest common divisor of 1723 and 1.
1
Calculate the greatest common factor of 11 and 242.
11
What is the highest common divisor of 233 and 17475?
233
Calculate the highest common factor of 1444 and 1.
1
What is the greatest common divisor of 115 and 9959?
23
Calculate the highest common factor of 2 and 2.
2
What is the highest common divisor of 369 and 81?
9
What is the greatest common factor of 900 and 36?
36
Calculate the highest common divisor of 197 and 7.
1
Calculate the highest common factor of 18 and 3798.
18
Calculate the highest common factor of 138 and 10672.
46
What is the greatest common factor of 86 and 215?
43
What is the greatest common divisor of 315 and 35?
35
Calculate the greatest common factor of 170 and 16490.
170
What is the highest common divisor of 4096 and 16?
16
Calculate the greatest common divisor of 392 and 7.
7
Calculate the highest common divisor of 980 and 20.
20
Calculate the greatest common factor of 7 and 49959.
7
What is the highest common divisor of 527 and 34?
17
Calculate the highest common factor of 204 and 1275.
51
What is the highest common divisor of 815 and 70?
5
Calculate the greatest common divisor of 30 and 585.
15
Calculate the highest common divisor of 13 and 949.
13
Calculate the greatest common divisor of 232 and 88.
8
What is the highest common divisor of 55 and 297?
11
Calculate the greatest common divisor of 8490 and 90.
30
Calculate the greatest common factor of 27098 and 68.
34
What is the highest common factor of 34 and 918?
34
Calculate the greatest common factor of 75 and 1350.
75
Calculate the highest common divisor of 801 and 89.
89
Calculate the highest common divisor of 26 and 351.
13
What is the greatest common divisor of 24 and 3556?
4
What is the greatest common divisor of 225 and 105?
15
What is the greatest common divisor of 6 and 10056?
6
Calculate the highest common factor of 45 and 36.
9
What is the highest common factor of 927 and 103?
103
Calculate the greatest common divisor of 1805 and 20.
5
Calculate the highest common factor of 147 and 105.
21
What is the greatest common divisor of 64 and 32?
32
Calculate the greatest common divisor of 595 and 340.
85
Calculate the greatest common divisor of 912 and 57.
57
Calculate the greatest common divisor of 37 and 207.
1
Calculate the greatest common factor of 144 and 20016.
144
Calculate the greatest common divisor of 271 and 1.
1
Calculate the greatest common factor of 62 and 5022.
62
What is the highest common factor of 63339 and 129?
129
What is the highest common divisor of 767 and 78?
13
What is the highest common divisor of 19 and 171?
19
What is the highest common factor of 627 and 171?
57
What is the highest common divisor of 63 and 91?
7
What is the highest common factor of 19907 and 34?
17
What is the greatest common factor of 80 and 416?
16
Calculate the highest common factor of 210 and 3.
3
What is the greatest common factor of 135 and 90?
45
What is the greatest common factor of 1773 and 72?
9
Calculate the highest common divisor of 7 and 2471.
7
Calculate the highest common divisor of 144 and 792.
72
What is the highest common divisor of 21 and 1449?
21
What is the greatest common factor of 24 and 584?
8
Calculate the greatest common factor of 777 and 21.
21
What is the highest common divisor of 280 and 6860?
140
Calculate the greatest common factor of 1935 and 495.
45
Calculate the highest common factor of 425 and 85.
85
Calculate the highest common divisor of 96 and 28.
4
Calculate the greatest common factor of 171 and 18.
9
Calculate the greatest common factor of 18 and 2.
2
What is the greatest common divisor of 1548 and 36?
36
What is the greatest common divisor of 5311 and 113?
113
What is the greatest common factor of 6497 and 267?
89
Calculate the highest common factor of 1517 and 37.
37
What is the highest common divisor of 34 and 3961?
17
Calculate the greatest common divisor of 63 and 903.
21
What is the highest common divisor of 55 and 95?
5
What is the highest common factor of 33950 and 50?
50
Calculate the highest common divisor of 754 and 928.
58
Calculate the greatest common factor of 2106 and 26.
26
Calculate the highest common factor of 9610 and 4.
2
What is the highest common divisor of 18817 and 31?
31
Calculate the greatest common factor of 64 and 12416.
64
What is the greatest common factor of 117 and 15093?
117
Calculate the greatest common divisor of 451 and 33.
11
Calculate the highest common factor of 624 and 3783.
39
Calculate the highest common factor of 228 and 399.
57
Calculate the greatest common factor of 208 and 4472.
104
Calculate the greatest common divisor of 2512 and 2983.
157
Calculate the greatest common factor of 6293 and 1736.
217
What is the highest common factor of 39814 and 34?
34
Calculate the highest common divisor of 5841 and 198.
99
Calculate the greatest common divisor of 392 and 16.
8
What is the highest common factor of 516 and 24?
12
Calculate the highest common divisor of 6 and 219.
3
Calculate the highest common divisor of 152 and 703.
19
What is the greatest common divisor of 366 and 6?
6
What is the highest common divisor of 93 and 11346?
93
Calculate the highest common factor of 385 and 35.
35
Calculate the greatest common factor of 1720 and 50.
10
What is the greatest common divisor of 304 and 16?
16
Calculate the highest common divisor of 46 and 24679.
23
What is the greatest common factor of 38 and 589?
19
Calculate the greatest common factor of 28 and 448.
28
Calculate the highest common factor of 3589 and 74.
37
What is the greatest common divisor of 28 and 406?
14
Calculate the highest common divisor of 108 and 243.
27
What is the highest common factor of 608 and 95?
19
What is the highest common divisor of 75 and 1175?
25
Calculate the greatest common factor of 27 and 6.
3
What is the highest common factor of 98 and 7154?
98
Calculate the highest common factor of 43303 and 26.
13
What is the greatest common divisor of 3791 and 1338?
223
Calculate the highest common factor of 21 and 182.
7
Calculate the greatest common divisor of 57 and 5624.
19
What is the highest common factor of 589 and 95?
19
What is the greatest common factor of 30 and 440?
10
What is the highest common divisor of 77 and 583?
11
What is the highest common factor of 58 and 29?
29
Calculate the highest common factor of 66 and 23694.
66
Calculate the greatest common divisor of 30 and 105.
15
What is the highest common divisor of 56 and 16?
8
What is the highest common factor of 96 and 5304?
24
What is the highest common divisor of 2025 and 18?
9
What is the highest common divisor of 252 and 140?
28
What is the highest common divisor of 969 and 456?
57
What is the highest common factor of 88 and 704?
88
Calculate the greatest common divisor of 50 and 950.
50
What is the greatest common divisor of 44 and 8?
4
Calculate the highest common divisor of 1032 and 24.
24
What is the greatest common factor of 22 and 2?
2
Calculate the highest common divisor of 1251 and 278.
139
What is the greatest common factor of 32242 and 94?
94
Calculate the highest common divisor of 325 and 25.
25
What is the highest common factor of 1183 and 91?
91
Calculate the highest common factor of 2261 and 170.
17
What is the greatest common divisor of 32 and 1504?
32
Calculate the highest common factor of 14 and 246.
2
Calculate the greatest common factor of 38 and 874.
38
What is the highest common factor of 45352 and 8?
8
Calculate the highest common factor of 56 and 40.
8
What is the highest common divisor of 62 and 47833?
31
Calculate the greatest common divisor of 15179 and 172.
43
Calculate the greatest common factor of 1092 and 832.
52
What is the greatest common divisor of 54955 and 145?
145
Calculate the highest common divisor of 52 and 2288.
52
What is the highest common factor of 52 and 4?
4
What is the highest common factor of 3258 and 18?
18
What is the greatest common divisor of 2576 and 32?
16
Calculate the highest common divisor of 122 and 793.
61
Calc